test common factor of 22 and 17314.
22
What is the highest common factor of 15801 and 414?
69
Calculate the greatest common factor of 62 and 5859.
31
Calculate the greatest common divisor of 56 and 4424.
56
Calculate the greatest common divisor of 7840 and 48.
16
What is the highest common divisor of 1539 and 342?
171
Calculate the highest common divisor of 20 and 260.
20
What is the highest common factor of 5518 and 178?
178
Calculate the greatest common factor of 224 and 420.
28
Calculate the highest common factor of 968 and 64.
8
Calculate the highest common factor of 798 and 1368.
114
Calculate the highest common factor of 592 and 256.
16
What is the greatest common factor of 1 and 349?
1
Calculate the highest common divisor of 1161 and 1419.
129
What is the highest common divisor of 1719 and 18?
9
Calculate the highest common divisor of 240 and 1020.
60
Calculate the highest common divisor of 20 and 370.
10
Calculate the highest common divisor of 909 and 808.
101
Calculate the greatest common factor of 1015 and 105.
35
What is the highest common divisor of 318 and 60?
6
What is the greatest common divisor of 405 and 459?
27
Calculate the greatest common factor of 8 and 1192.
8
What is the highest common factor of 42 and 21?
21
Calculate the highest common divisor of 4 and 1772.
4
What is the greatest common factor of 105 and 63?
21
What is the highest common divisor of 26 and 104?
26
What is the greatest common factor of 1 and 148?
1
What is the highest common divisor of 144 and 108?
36
Calculate the greatest common divisor of 55 and 176.
11
Calculate the greatest common divisor of 124 and 4526.
62
Calculate the greatest common factor of 11871 and 9.
9
Calculate the highest common factor of 268 and 1139.
67
What is the greatest common divisor of 128 and 80?
16
Calculate the highest common divisor of 36 and 1268.
4
What is the highest common divisor of 21 and 13629?
21
Calculate the highest common divisor of 2170 and 2015.
155
What is the highest common factor of 49 and 35?
7
Calculate the highest common factor of 230 and 8395.
115
Calculate the highest common factor of 18 and 354.
6
What is the greatest common factor of 45 and 5733?
9
Calculate the highest common divisor of 40 and 19340.
20
Calculate the highest common divisor of 356 and 40406.
178
Calculate the greatest common factor of 10 and 35.
5
What is the highest common factor of 17 and 85?
17
Calculate the greatest common divisor of 271 and 3.
1
Calculate the greatest common factor of 15 and 5.
5
What is the highest common factor of 309 and 1339?
103
What is the greatest common factor of 650 and 52?
26
What is the greatest common divisor of 9105 and 15?
15
Calculate the highest common divisor of 636 and 24.
12
Calculate the highest common divisor of 490 and 35.
35
What is the greatest common divisor of 656 and 41?
41
Calculate the highest common factor of 92 and 36.
4
What is the highest common factor of 1620 and 660?
60
Calculate the highest common factor of 8 and 3928.
8
What is the greatest common divisor of 312 and 48?
24
What is the highest common factor of 4512 and 96?
96
What is the highest common factor of 21 and 1491?
21
What is the greatest common factor of 80 and 11320?
40
What is the highest common factor of 120 and 1740?
60
What is the highest common divisor of 5057 and 13?
13
What is the highest common factor of 16 and 176?
16
What is the greatest common factor of 84 and 2268?
84
What is the highest common factor of 80 and 780?
20
What is the greatest common divisor of 831 and 18005?
277
What is the highest common divisor of 15 and 29265?
15
What is the greatest common divisor of 25 and 125?
25
What is the greatest common factor of 70 and 440?
10
What is the highest common factor of 41610 and 57?
57
Calculate the greatest common factor of 315 and 189.
63
What is the highest common factor of 261 and 87?
87
Calculate the greatest common factor of 1190 and 35.
35
Calculate the highest common factor of 190 and 40.
10
What is the greatest common factor of 2049 and 3?
3
What is the greatest common divisor of 2561 and 13?
13
Calculate the highest common factor of 102 and 238.
34
Calculate the greatest common factor of 992 and 160.
32
What is the greatest common divisor of 1086 and 6?
6
What is the highest common divisor of 7044 and 60?
12
Calculate the highest common divisor of 26 and 806.
26
Calculate the highest common factor of 689 and 728.
13
Calculate the greatest common divisor of 297 and 1287.
99
Calculate the highest common divisor of 32 and 3920.
16
Calculate the highest common divisor of 10 and 50.
10
Calculate the highest common factor of 24 and 76488.
24
What is the greatest common factor of 10 and 11040?
10
Calculate the highest common factor of 1216 and 38.
38
Calculate the highest common factor of 763 and 28.
7
What is the highest common factor of 660 and 540?
60
What is the greatest common divisor of 308 and 21?
7
What is the greatest common factor of 21321 and 1236?
309
What is the highest common factor of 324 and 243?
81
Calculate the highest common divisor of 731 and 129.
43
Calculate the greatest common divisor of 14 and 112.
14
What is the greatest common divisor of 268 and 469?
67
What is the greatest common divisor of 21 and 63?
21
Calculate the highest common divisor of 80 and 15.
5
Calculate the highest common divisor of 22 and 1936.
22
What is the greatest common factor of 273 and 84?
21
Calculate the highest common divisor of 581 and 249.
83
Calculate the greatest common factor of 381 and 5207.
127
Calculate the greatest common factor of 170 and 34.
34
What is the greatest common divisor of 1144 and 1768?
104
Calculate the greatest common factor of 956 and 12.
4
What is the highest common factor of 6153 and 189?
21
Calculate the highest common divisor of 1269 and 27.
27
Calculate the highest common factor of 24 and 324.
12
Calculate the highest common factor of 1 and 2683.
1
What is the highest common divisor of 141 and 57669?
141
What is the greatest common factor of 140 and 1064?
28
What is the highest common factor of 70 and 610?
10
What is the greatest common factor of 644 and 84?
28
What is the greatest common factor of 328 and 3813?
41
What is the highest common divisor of 674 and 10?
2
What is the greatest common factor of 4383 and 126?
9
What is the greatest common factor of 8 and 76?
4
What is the highest common factor of 45 and 12933?
9
What is the greatest common factor of 2318 and 38?
38
What is the highest common factor of 2190 and 15?
15
What is the highest common factor of 518 and 21238?
518
Calculate the highest common divisor of 1965 and 105.
15
What is the highest common factor of 315 and 810?
45
Calculate the highest common divisor of 29 and 2813.
29
Calculate the highest common divisor of 12996 and 36.
36
Calculate the greatest common factor of 1204 and 2236.
172
What is the greatest common factor of 405 and 3?
3
Calculate the greatest common factor of 12551 and 77.
77
What is the highest common factor of 4 and 1756?
4
What is the highest common factor of 16 and 51?
1
What is the highest common factor of 26 and 33878?
26
What is the highest common factor of 689 and 13?
13
What is the greatest common divisor of 1773 and 985?
197
What is the greatest common divisor of 105 and 5430?
15
What is the highest common divisor of 189 and 252?
63
Calculate the greatest common factor of 280 and 640.
40
What is the highest common divisor of 170 and 51?
17
What is the greatest common factor of 3872 and 1815?
121
What is the greatest common divisor of 33 and 528?
33
What is the highest common factor of 62 and 93?
31
What is the highest common divisor of 17 and 1003?
17
What is the highest common factor of 354 and 4366?
118
What is the greatest common factor of 242 and 10?
2
What is the greatest common factor of 170 and 160?
10
What is the greatest common factor of 4242 and 336?
42
What is the greatest common factor of 608 and 736?
32
What is the greatest common divisor of 1064 and 2?
2
What is the highest common factor of 89 and 356?
89
Calculate the greatest common divisor of 4 and 960.
4
What is the greatest common divisor of 305 and 122?
61
Calculate the greatest common divisor of 35 and 385.
35
Calculate the highest common divisor of